[INFO] cloning repository https://github.com/apache/incubator-milagro-crypto-rust
[INFO] running `Command { std: "git" "-c" "credential.helper=" "-c" "credential.helper=/workspace/cargo-home/bin/git-credential-null" "clone" "--bare" "https://github.com/apache/incubator-milagro-crypto-rust" "/workspace/cache/git-repos/https%3A%2F%2Fgithub.com%2Fapache%2Fincubator-milagro-crypto-rust", kill_on_drop: false }`
[INFO] [stderr] Cloning into bare repository '/workspace/cache/git-repos/https%3A%2F%2Fgithub.com%2Fapache%2Fincubator-milagro-crypto-rust'...
[INFO] running `Command { std: "git" "rev-parse" "HEAD", kill_on_drop: false }`
[INFO] [stdout] 8b9913799bb2a9568515d118970ec0f09910492b
[INFO] checking apache/incubator-milagro-crypto-rust against master#af3c6e733a40e671550e0f0f5aeecaa13772ba56 for pr-74989
[INFO] running `Command { std: "git" "clone" "/workspace/cache/git-repos/https%3A%2F%2Fgithub.com%2Fapache%2Fincubator-milagro-crypto-rust" "/workspace/builds/worker-5/source", kill_on_drop: false }`
[INFO] [stderr] Cloning into '/workspace/builds/worker-5/source'...
[INFO] [stderr] done.
[INFO] validating manifest of git repo https://github.com/apache/incubator-milagro-crypto-rust on toolchain af3c6e733a40e671550e0f0f5aeecaa13772ba56
[INFO] running `Command { std: "/workspace/cargo-home/bin/cargo" "+af3c6e733a40e671550e0f0f5aeecaa13772ba56" "read-manifest" "--manifest-path" "Cargo.toml", kill_on_drop: false }`
[INFO] started tweaking git repo https://github.com/apache/incubator-milagro-crypto-rust
[INFO] finished tweaking git repo https://github.com/apache/incubator-milagro-crypto-rust
[INFO] tweaked toml for git repo https://github.com/apache/incubator-milagro-crypto-rust written to /workspace/builds/worker-5/source/Cargo.toml
[INFO] crate git repo https://github.com/apache/incubator-milagro-crypto-rust already has a lockfile, it will not be regenerated
[INFO] running `Command { std: "/workspace/cargo-home/bin/cargo" "+af3c6e733a40e671550e0f0f5aeecaa13772ba56" "fetch" "--locked" "--manifest-path" "Cargo.toml", kill_on_drop: false }`
[INFO] running `Command { std: "docker" "create" "-v" "/var/lib/crater-agent-workspace/builds/worker-5/target:/opt/rustwide/target:rw,Z" "-v" "/var/lib/crater-agent-workspace/builds/worker-5/source:/opt/rustwide/workdir:ro,Z" "-v" "/var/lib/crater-agent-workspace/cargo-home:/opt/rustwide/cargo-home:ro,Z" "-v" "/var/lib/crater-agent-workspace/rustup-home:/opt/rustwide/rustup-home:ro,Z" "-e" "SOURCE_DIR=/opt/rustwide/workdir" "-e" "CARGO_TARGET_DIR=/opt/rustwide/target" "-e" "CARGO_HOME=/opt/rustwide/cargo-home" "-e" "RUSTUP_HOME=/opt/rustwide/rustup-home" "-w" "/opt/rustwide/workdir" "-m" "1610612736" "--user" "0:0" "--network" "none" "rustops/crates-build-env@sha256:d92eaeed33fa75130ca1ee6c8a01d1ffb62bac859dfdfb3450e3e5d1c0146529" "/opt/rustwide/cargo-home/bin/cargo" "+af3c6e733a40e671550e0f0f5aeecaa13772ba56" "metadata" "--no-deps" "--format-version=1", kill_on_drop: false }`
[INFO] [stdout] f6b5a2ce92c7237cf2691ff318db81dafe94966de634a915eff2cbd9a9b1fb5b
[INFO] [stderr] WARNING: Your kernel does not support swap limit capabilities or the cgroup is not mounted. Memory limited without swap.
[INFO] running `Command { std: "docker" "start" "-a" "f6b5a2ce92c7237cf2691ff318db81dafe94966de634a915eff2cbd9a9b1fb5b", kill_on_drop: false }`
[INFO] running `Command { std: "docker" "inspect" "f6b5a2ce92c7237cf2691ff318db81dafe94966de634a915eff2cbd9a9b1fb5b", kill_on_drop: false }`
[INFO] running `Command { std: "docker" "rm" "-f" "f6b5a2ce92c7237cf2691ff318db81dafe94966de634a915eff2cbd9a9b1fb5b", kill_on_drop: false }`
[INFO] [stdout] f6b5a2ce92c7237cf2691ff318db81dafe94966de634a915eff2cbd9a9b1fb5b
[INFO] running `Command { std: "docker" "create" "-v" "/var/lib/crater-agent-workspace/builds/worker-5/target:/opt/rustwide/target:rw,Z" "-v" "/var/lib/crater-agent-workspace/builds/worker-5/source:/opt/rustwide/workdir:ro,Z" "-v" "/var/lib/crater-agent-workspace/cargo-home:/opt/rustwide/cargo-home:ro,Z" "-v" "/var/lib/crater-agent-workspace/rustup-home:/opt/rustwide/rustup-home:ro,Z" "-e" "SOURCE_DIR=/opt/rustwide/workdir" "-e" "CARGO_TARGET_DIR=/opt/rustwide/target" "-e" "CARGO_INCREMENTAL=0" "-e" "RUST_BACKTRACE=full" "-e" "RUSTFLAGS=--cap-lints=forbid" "-e" "CARGO_HOME=/opt/rustwide/cargo-home" "-e" "RUSTUP_HOME=/opt/rustwide/rustup-home" "-w" "/opt/rustwide/workdir" "-m" "1610612736" "--user" "0:0" "--network" "none" "rustops/crates-build-env@sha256:d92eaeed33fa75130ca1ee6c8a01d1ffb62bac859dfdfb3450e3e5d1c0146529" "/opt/rustwide/cargo-home/bin/cargo" "+af3c6e733a40e671550e0f0f5aeecaa13772ba56" "check" "--frozen" "--all" "--all-targets" "--message-format=json", kill_on_drop: false }`
[INFO] [stdout] f26c3fbd82e74d1b0727a85192f4619b52d61af737b178255ab381de2e6011d5
[INFO] [stderr] WARNING: Your kernel does not support swap limit capabilities or the cgroup is not mounted. Memory limited without swap.
[INFO] running `Command { std: "docker" "start" "-a" "f26c3fbd82e74d1b0727a85192f4619b52d61af737b178255ab381de2e6011d5", kill_on_drop: false }`
[INFO] [stderr]    Compiling autocfg v1.0.0
[INFO] [stderr]     Checking cfg-if v0.1.10
[INFO] [stderr]    Compiling libc v0.2.73
[INFO] [stderr]     Checking lazy_static v1.4.0
[INFO] [stderr]    Compiling ryu v1.0.5
[INFO] [stderr]    Compiling proc-macro2 v1.0.19
[INFO] [stderr]    Compiling getrandom v0.1.14
[INFO] [stderr]     Checking scopeguard v1.1.0
[INFO] [stderr]     Checking itoa v0.4.6
[INFO] [stderr]    Compiling serde_json v1.0.57
[INFO] [stderr]    Compiling serde_derive v1.0.114
[INFO] [stderr]     Checking regex-syntax v0.6.18
[INFO] [stderr]     Checking ppv-lite86 v0.2.8
[INFO] [stderr]     Checking oorandom v11.1.2
[INFO] [stderr]     Checking hex v0.3.2
[INFO] [stderr]     Checking amcl v0.3.0 (/opt/rustwide/workdir)
[INFO] [stderr]     Checking itertools v0.9.0
[INFO] [stderr]     Checking serde_cbor v0.11.1
[INFO] [stderr]    Compiling cast v0.2.3
[INFO] [stderr]     Checking regex-automata v0.1.9
[INFO] [stderr]     Checking csv-core v0.1.10
[INFO] [stderr]     Checking clap v2.33.1
[INFO] [stderr]     Checking bstr v0.2.13
[INFO] [stderr]    Compiling crossbeam-utils v0.7.2
[INFO] [stderr]    Compiling memoffset v0.5.5
[INFO] [stderr]    Compiling crossbeam-epoch v0.8.2
[INFO] [stderr]    Compiling num-traits v0.2.12
[INFO] [stderr]    Compiling rayon v1.3.1
[INFO] [stderr]    Compiling quote v1.0.7
[INFO] [stderr]     Checking num_cpus v1.13.0
[INFO] [stderr]     Checking atty v0.2.14
[INFO] [stderr]     Checking regex v1.3.9
[INFO] [stderr]     Checking criterion-plot v0.4.3
[INFO] [stderr]     Checking rand_core v0.5.1
[INFO] [stderr]    Compiling syn v1.0.36
[INFO] [stderr]     Checking rand_chacha v0.2.2
[INFO] [stderr]     Checking crossbeam-queue v0.2.3
[INFO] [stderr]     Checking csv v1.1.3
[INFO] [stderr]     Checking rand v0.7.3
[INFO] [stderr]     Checking crossbeam-deque v0.7.3
[INFO] [stderr]     Checking plotters v0.2.15
[INFO] [stderr]     Checking rayon-core v1.7.1
[INFO] [stderr]     Checking tinytemplate v1.1.0
[INFO] [stderr]     Checking criterion v0.3.3
[INFO] [stdout] error[E0432]: unresolved import `amcl::bls383`
[INFO] [stdout]    --> benches/BenchtestALL.rs:192:15
[INFO] [stdout]     |
[INFO] [stdout] 192 |     use amcl::bls383::big;
[INFO] [stdout]     |               ^^^^^^ could not find `bls383` in `amcl`
[INFO] [stdout] 
[INFO] [stdout] 
[INFO] [stdout] error[E0432]: unresolved import `amcl::bls383`
[INFO] [stdout]    --> benches/BenchtestALL.rs:193:15
[INFO] [stdout]     |
[INFO] [stdout] 193 |     use amcl::bls383::ecp;
[INFO] [stdout]     |               ^^^^^^ could not find `bls383` in `amcl`
[INFO] [stdout] 
[INFO] [stdout] 
[INFO] [stdout] error[E0432]: unresolved import `amcl::bls383`
[INFO] [stdout]    --> benches/BenchtestALL.rs:194:15
[INFO] [stdout]     |
[INFO] [stdout] 194 |     use amcl::bls383::ecp2;
[INFO] [stdout]     |               ^^^^^^ could not find `bls383` in `amcl`
[INFO] [stdout] 
[INFO] [stdout] 
[INFO] [stdout] error[E0432]: unresolved import `amcl::bls383`
[INFO] [stdout]    --> benches/BenchtestALL.rs:195:15
[INFO] [stdout]     |
[INFO] [stdout] 195 |     use amcl::bls383::fp;
[INFO] [stdout]     |               ^^^^^^ could not find `bls383` in `amcl`
[INFO] [stdout] 
[INFO] [stdout] 
[INFO] [stdout] error[E0432]: unresolved import `amcl::bls383`
[INFO] [stdout]    --> benches/BenchtestALL.rs:196:15
[INFO] [stdout]     |
[INFO] [stdout] 196 |     use amcl::bls383::pair;
[INFO] [stdout]     |               ^^^^^^ could not find `bls383` in `amcl`
[INFO] [stdout] 
[INFO] [stdout] 
[INFO] [stdout] error[E0432]: unresolved import `amcl::bls383`
[INFO] [stdout]    --> benches/BenchtestALL.rs:197:15
[INFO] [stdout]     |
[INFO] [stdout] 197 |     use amcl::bls383::rom;
[INFO] [stdout]     |               ^^^^^^ could not find `bls383` in `amcl`
[INFO] [stdout] 
[INFO] [stdout] 
[INFO] [stdout] error[E0432]: unresolved import `amcl::bls24`
[INFO] [stdout]    --> benches/BenchtestALL.rs:351:15
[INFO] [stdout]     |
[INFO] [stdout] 351 |     use amcl::bls24::big;
[INFO] [stdout]     |               ^^^^^ could not find `bls24` in `amcl`
[INFO] [stdout] 
[INFO] [stdout] 
[INFO] [stdout] error[E0432]: unresolved import `amcl::bls24`
[INFO] [stdout]    --> benches/BenchtestALL.rs:352:15
[INFO] [stdout]     |
[INFO] [stdout] 352 |     use amcl::bls24::ecp;
[INFO] [stdout]     |               ^^^^^ could not find `bls24` in `amcl`
[INFO] [stdout] 
[INFO] [stdout] 
[INFO] [stdout] error[E0432]: unresolved import `amcl::bls24`
[INFO] [stdout]    --> benches/BenchtestALL.rs:353:15
[INFO] [stdout]     |
[INFO] [stdout] 353 |     use amcl::bls24::ecp4;
[INFO] [stdout]     |               ^^^^^ could not find `bls24` in `amcl`
[INFO] [stdout] 
[INFO] [stdout] 
[INFO] [stdout] error[E0432]: unresolved import `amcl::bls24`
[INFO] [stdout]    --> benches/BenchtestALL.rs:354:15
[INFO] [stdout]     |
[INFO] [stdout] 354 |     use amcl::bls24::fp;
[INFO] [stdout]     |               ^^^^^ could not find `bls24` in `amcl`
[INFO] [stdout] 
[INFO] [stdout] 
[INFO] [stdout] error[E0432]: unresolved import `amcl::bls24`
[INFO] [stdout]    --> benches/BenchtestALL.rs:355:15
[INFO] [stdout]     |
[INFO] [stdout] 355 |     use amcl::bls24::pair192;
[INFO] [stdout]     |               ^^^^^ could not find `bls24` in `amcl`
[INFO] [stdout] 
[INFO] [stdout] 
[INFO] [stdout] error[E0432]: unresolved import `amcl::bls24`
[INFO] [stdout]    --> benches/BenchtestALL.rs:356:15
[INFO] [stdout]     |
[INFO] [stdout] 356 |     use amcl::bls24::rom;
[INFO] [stdout]     |               ^^^^^ could not find `bls24` in `amcl`
[INFO] [stdout] 
[INFO] [stdout] 
[INFO] [stdout] error[E0432]: unresolved import `amcl::bls48`
[INFO] [stdout]    --> benches/BenchtestALL.rs:510:15
[INFO] [stdout]     |
[INFO] [stdout] 510 |     use amcl::bls48::big;
[INFO] [stdout]     |               ^^^^^ could not find `bls48` in `amcl`
[INFO] [stdout] 
[INFO] [stdout] 
[INFO] [stdout] error[E0432]: unresolved import `amcl::bls48`
[INFO] [stdout]    --> benches/BenchtestALL.rs:511:15
[INFO] [stdout]     |
[INFO] [stdout] 511 |     use amcl::bls48::ecp;
[INFO] [stdout]     |               ^^^^^ could not find `bls48` in `amcl`
[INFO] [stdout] 
[INFO] [stdout] 
[INFO] [stdout] error[E0432]: unresolved import `amcl::bls48`
[INFO] [stdout]    --> benches/BenchtestALL.rs:512:15
[INFO] [stdout]     |
[INFO] [stdout] 512 |     use amcl::bls48::ecp8;
[INFO] [stdout]     |               ^^^^^ could not find `bls48` in `amcl`
[INFO] [stdout] 
[INFO] [stdout] 
[INFO] [stdout] error[E0432]: unresolved import `amcl::bls48`
[INFO] [stdout]    --> benches/BenchtestALL.rs:513:15
[INFO] [stdout]     |
[INFO] [stdout] 513 |     use amcl::bls48::fp;
[INFO] [stdout]     |               ^^^^^ could not find `bls48` in `amcl`
[INFO] [stdout] 
[INFO] [stdout] 
[INFO] [stdout] error[E0432]: unresolved import `amcl::bls48`
[INFO] [stdout]    --> benches/BenchtestALL.rs:514:15
[INFO] [stdout]     |
[INFO] [stdout] 514 |     use amcl::bls48::pair256;
[INFO] [stdout]     |               ^^^^^ could not find `bls48` in `amcl`
[INFO] [stdout] 
[INFO] [stdout] 
[INFO] [stdout] error[E0432]: unresolved import `amcl::bls48`
[INFO] [stdout]    --> benches/BenchtestALL.rs:515:15
[INFO] [stdout]     |
[INFO] [stdout] 515 |     use amcl::bls48::rom;
[INFO] [stdout]     |               ^^^^^ could not find `bls48` in `amcl`
[INFO] [stdout] 
[INFO] [stdout] 
[INFO] [stdout] error[E0433]: failed to resolve: could not find `bls381` in `amcl`
[INFO] [stdout]   --> benches/bls381.rs:20:11
[INFO] [stdout]    |
[INFO] [stdout] 20 | use amcl::bls381::bls381::basic;
[INFO] [stdout]    |           ^^^^^^ could not find `bls381` in `amcl`
[INFO] [stdout] 
[INFO] [stdout] 
[INFO] [stdout] error[E0433]: failed to resolve: could not find `bls381` in `amcl`
[INFO] [stdout]   --> benches/bls381.rs:21:11
[INFO] [stdout]    |
[INFO] [stdout] 21 | use amcl::bls381::bls381::utils::*;
[INFO] [stdout]    |           ^^^^^^ could not find `bls381` in `amcl`
[INFO] [stdout] 
[INFO] [stdout] 
[INFO] [stdout] error[E0432]: unresolved import `amcl::bls381`
[INFO] [stdout]   --> benches/bls381.rs:22:11
[INFO] [stdout]    |
[INFO] [stdout] 22 | use amcl::bls381::*;
[INFO] [stdout]    |           ^^^^^^ could not find `bls381` in `amcl`
[INFO] [stdout] 
[INFO] [stdout] 
[INFO] [stdout] error[E0432]: unresolved import `amcl::rsa4096`
[INFO] [stdout]   --> benches/rsa4096.rs:21:11
[INFO] [stdout]    |
[INFO] [stdout] 21 | use amcl::rsa4096::{ff, rsa};
[INFO] [stdout]    |           ^^^^^^^ could not find `rsa4096` in `amcl`
[INFO] [stdout] 
[INFO] [stdout] 
[INFO] [stdout] error[E0432]: unresolved import `amcl::rsa2048`
[INFO] [stdout]   --> benches/rsa2048.rs:21:11
[INFO] [stdout]    |
[INFO] [stdout] 21 | use amcl::rsa2048::{ff, rsa};
[INFO] [stdout]    |           ^^^^^^^ could not find `rsa2048` in `amcl`
[INFO] [stdout] 
[INFO] [stdout] 
[INFO] [stdout] error: aborting due to previous error
[INFO] [stdout] 
[INFO] [stdout] 
[INFO] [stdout] For more information about this error, try `rustc --explain E0432`.
[INFO] [stdout] 
[INFO] [stdout] error[E0433]: failed to resolve: use of undeclared type or module `basic`
[INFO] [stdout]    --> benches/bls381.rs:135:20
[INFO] [stdout]     |
[INFO] [stdout] 135 |     let (sk, pk) = basic::key_pair_generate_g1(&mut create_rng());
[INFO] [stdout]     |                    ^^^^^ use of undeclared type or module `basic`
[INFO] [stdout] 
[INFO] [stdout] 
[INFO] [stderr] error: could not compile `amcl`.
[INFO] [stdout] error[E0432]: unresolved import `amcl::rsa3072`
[INFO] [stdout]   --> benches/rsa3072.rs:21:11
[INFO] [stdout]    |
[INFO] [stdout] 21 | use amcl::rsa3072::{ff, rsa};
[INFO] [stdout]    |           ^^^^^^^ could not find `rsa3072` in `amcl`
[INFO] [stdout] 
[INFO] [stdout] 
[INFO] [stderr] 
[INFO] [stdout] error[E0432]: unresolved import `amcl::ed25519`
[INFO] [stdout]   --> benches/ed25519.rs:20:11
[INFO] [stdout]    |
[INFO] [stdout] 20 | use amcl::ed25519::*;
[INFO] [stdout]    |           ^^^^^^^ could not find `ed25519` in `amcl`
[INFO] [stdout] 
[INFO] [stdout] 
[INFO] [stderr] To learn more, run the command again with --verbose.
[INFO] [stderr] warning: build failed, waiting for other jobs to finish...
[INFO] [stdout] error[E0433]: failed to resolve: use of undeclared type or module `basic`
[INFO] [stdout]    --> benches/bls381.rs:138:15
[INFO] [stdout]     |
[INFO] [stdout] 138 |     let sig = basic::sign_g1(&sk, &msg).unwrap();
[INFO] [stdout]     |               ^^^^^ use of undeclared type or module `basic`
[INFO] [stdout] 
[INFO] [stdout] 
[INFO] [stdout] error[E0433]: failed to resolve: use of undeclared type or module `basic`
[INFO] [stdout]    --> benches/bls381.rs:144:27
[INFO] [stdout]     |
[INFO] [stdout] 144 |                 black_box(basic::sign_g1(&sk, &msg).unwrap());
[INFO] [stdout]     |                           ^^^^^ use of undeclared type or module `basic`
[INFO] [stdout] 
[INFO] [stdout] 
[INFO] [stdout] error[E0433]: failed to resolve: use of undeclared type or module `basic`
[INFO] [stdout]    --> benches/bls381.rs:154:27
[INFO] [stdout]     |
[INFO] [stdout] 154 |                 black_box(basic::verify_g1(&pk, &msg, &sig));
[INFO] [stdout]     |                           ^^^^^ use of undeclared type or module `basic`
[INFO] [stdout] 
[INFO] [stdout] 
[INFO] [stdout] error[E0433]: failed to resolve: use of undeclared type or module `basic`
[INFO] [stdout]    --> benches/bls381.rs:162:20
[INFO] [stdout]     |
[INFO] [stdout] 162 |     let (sk, pk) = basic::key_pair_generate_g2(&mut create_rng());
[INFO] [stdout]     |                    ^^^^^ use of undeclared type or module `basic`
[INFO] [stdout] 
[INFO] [stdout] 
[INFO] [stdout] error[E0433]: failed to resolve: use of undeclared type or module `basic`
[INFO] [stdout]    --> benches/bls381.rs:165:15
[INFO] [stdout]     |
[INFO] [stdout] 165 |     let sig = basic::sign_g2(&sk, &msg).unwrap();
[INFO] [stdout]     |               ^^^^^ use of undeclared type or module `basic`
[INFO] [stdout] 
[INFO] [stdout] 
[INFO] [stdout] error: aborting due to previous error
[INFO] [stdout] 
[INFO] [stdout] 
[INFO] [stdout] For more information about this error, try `rustc --explain E0432`.
[INFO] [stdout] 
[INFO] [stdout] error[E0433]: failed to resolve: use of undeclared type or module `basic`
[INFO] [stdout]    --> benches/bls381.rs:171:27
[INFO] [stdout]     |
[INFO] [stdout] 171 |                 black_box(basic::sign_g2(&sk, &msg).unwrap());
[INFO] [stdout]     |                           ^^^^^ use of undeclared type or module `basic`
[INFO] [stdout] 
[INFO] [stdout] 
[INFO] [stdout] error[E0432]: unresolved import `amcl::nist256`
[INFO] [stdout]   --> benches/nist256.rs:20:11
[INFO] [stdout]    |
[INFO] [stdout] 20 | use amcl::nist256::*;
[INFO] [stdout]    |           ^^^^^^^ could not find `nist256` in `amcl`
[INFO] [stdout] 
[INFO] [stdout] 
[INFO] [stdout] error[E0433]: failed to resolve: use of undeclared type or module `basic`
[INFO] [stdout]    --> benches/bls381.rs:181:27
[INFO] [stdout]     |
[INFO] [stdout] 181 |                 black_box(basic::verify_g2(&pk, &msg, &sig));
[INFO] [stdout]     |                           ^^^^^ use of undeclared type or module `basic`
[INFO] [stdout] 
[INFO] [stdout] 
[INFO] [stdout] error[E0433]: failed to resolve: use of undeclared type or module `basic`
[INFO] [stdout]    --> benches/bls381.rs:193:23
[INFO] [stdout]     |
[INFO] [stdout] 193 |         let (_, g1) = basic::key_pair_generate_g2(&mut rng); // generates pk on G1
[INFO] [stdout]     |                       ^^^^^ use of undeclared type or module `basic`
[INFO] [stdout] 
[INFO] [stdout] 
[INFO] [stdout] error[E0433]: failed to resolve: use of undeclared type or module `rom`
[INFO] [stdout]   --> benches/ed25519.rs:41:33
[INFO] [stdout]    |
[INFO] [stdout] 41 |     let r = big::Big::new_ints(&rom::CURVE_ORDER);
[INFO] [stdout]    |                                 ^^^ use of undeclared type or module `rom`
[INFO] [stdout] 
[INFO] [stdout] 
[INFO] [stdout] error[E0433]: failed to resolve: use of undeclared type or module `basic`
[INFO] [stdout]    --> benches/bls381.rs:194:23
[INFO] [stdout]     |
[INFO] [stdout] 194 |         let (_, g2) = basic::key_pair_generate_g1(&mut rng); // generates pk on G2
[INFO] [stdout]     |                       ^^^^^ use of undeclared type or module `basic`
[INFO] [stdout] 
[INFO] [stdout] 
[INFO] [stdout] error[E0433]: failed to resolve: use of undeclared type or module `basic`
[INFO] [stdout]    --> benches/bls381.rs:204:27
[INFO] [stdout]     |
[INFO] [stdout] 204 |                 black_box(basic::aggregate_g1(&points_g1_refs).unwrap());
[INFO] [stdout]     |                           ^^^^^ use of undeclared type or module `basic`
[INFO] [stdout] 
[INFO] [stdout] 
[INFO] [stdout] error[E0433]: failed to resolve: use of undeclared type or module `basic`
[INFO] [stdout]    --> benches/bls381.rs:215:27
[INFO] [stdout]     |
[INFO] [stdout] 215 |                 black_box(basic::aggregate_g2(&points_g2_refs).unwrap());
[INFO] [stdout]     |                           ^^^^^ use of undeclared type or module `basic`
[INFO] [stdout] 
[INFO] [stdout] 
[INFO] [stdout] error[E0433]: failed to resolve: use of undeclared type or module `basic`
[INFO] [stdout]    --> benches/bls381.rs:234:30
[INFO] [stdout]     |
[INFO] [stdout] 234 |         let (sk_g1, pk_g1) = basic::key_pair_generate_g1(&mut rng);
[INFO] [stdout]     |                              ^^^^^ use of undeclared type or module `basic`
[INFO] [stdout] 
[INFO] [stdout] 
[INFO] [stdout] error[E0433]: failed to resolve: use of undeclared type or module `basic`
[INFO] [stdout]    --> benches/bls381.rs:235:30
[INFO] [stdout]     |
[INFO] [stdout] 235 |         let (sk_g2, pk_g2) = basic::key_pair_generate_g2(&mut rng);
[INFO] [stdout]     |                              ^^^^^ use of undeclared type or module `basic`
[INFO] [stdout] 
[INFO] [stdout] 
[INFO] [stdout] error[E0433]: failed to resolve: use of undeclared type or module `ecp`
[INFO] [stdout]   --> benches/ed25519.rs:39:26
[INFO] [stdout]    |
[INFO] [stdout] 39 |     let generator = ecp::ECP::generator();
[INFO] [stdout]    |                          ^^^ not found in `ecp`
[INFO] [stdout]    |
[INFO] [stdout] help: consider importing this struct
[INFO] [stdout]    |
[INFO] [stdout] 20 | use amcl::bn254::ecp::ECP;
[INFO] [stdout]    |
[INFO] [stdout] 
[INFO] [stdout] 
[INFO] [stdout] error[E0433]: failed to resolve: use of undeclared type or module `big`
[INFO] [stdout]   --> benches/ed25519.rs:41:18
[INFO] [stdout]    |
[INFO] [stdout] 41 |     let r = big::Big::new_ints(&rom::CURVE_ORDER);
[INFO] [stdout]    |                  ^^^ not found in `big`
[INFO] [stdout]    |
[INFO] [stdout] help: consider importing this struct
[INFO] [stdout]    |
[INFO] [stdout] 20 | use amcl::bn254::big::Big;
[INFO] [stdout]    |
[INFO] [stdout] 
[INFO] [stdout] 
[INFO] [stdout] error[E0433]: failed to resolve: use of undeclared type or module `big`
[INFO] [stdout]   --> benches/ed25519.rs:42:18
[INFO] [stdout]    |
[INFO] [stdout] 42 |     let s = big::Big::randomnum(&r, &mut rng);
[INFO] [stdout]    |                  ^^^ not found in `big`
[INFO] [stdout]    |
[INFO] [stdout] help: consider importing this struct
[INFO] [stdout]    |
[INFO] [stdout] 20 | use amcl::bn254::big::Big;
[INFO] [stdout]    |
[INFO] [stdout] 
[INFO] [stdout] 
[INFO] [stdout] error[E0433]: failed to resolve: use of undeclared type or module `ecp`
[INFO] [stdout]   --> benches/ed25519.rs:57:30
[INFO] [stdout]    |
[INFO] [stdout] 57 |     let mut generator = ecp::ECP::generator();
[INFO] [stdout]    |                              ^^^ not found in `ecp`
[INFO] [stdout]    |
[INFO] [stdout] help: consider importing this struct
[INFO] [stdout]    |
[INFO] [stdout] 20 | use amcl::bn254::ecp::ECP;
[INFO] [stdout]    |
[INFO] [stdout] 
[INFO] [stdout] 
[INFO] [stdout] error[E0433]: failed to resolve: use of undeclared type or module `ecp`
[INFO] [stdout]   --> benches/ed25519.rs:68:30
[INFO] [stdout]    |
[INFO] [stdout] 68 |     let mut generator = ecp::ECP::generator();
[INFO] [stdout]    |                              ^^^ not found in `ecp`
[INFO] [stdout]    |
[INFO] [stdout] help: consider importing this struct
[INFO] [stdout]    |
[INFO] [stdout] 20 | use amcl::bn254::ecp::ECP;
[INFO] [stdout]    |
[INFO] [stdout] 
[INFO] [stdout] 
[INFO] [stdout] error[E0433]: failed to resolve: use of undeclared type or module `ecp`
[INFO] [stdout]   --> benches/ed25519.rs:69:31
[INFO] [stdout]    |
[INFO] [stdout] 69 |     let generator_copy = ecp::ECP::generator();
[INFO] [stdout]    |                               ^^^ not found in `ecp`
[INFO] [stdout]    |
[INFO] [stdout] help: consider importing this struct
[INFO] [stdout]    |
[INFO] [stdout] 20 | use amcl::bn254::ecp::ECP;
[INFO] [stdout]    |
[INFO] [stdout] 
[INFO] [stdout] 
[INFO] [stdout] error[E0433]: failed to resolve: use of undeclared type or module `basic`
[INFO] [stdout]    --> benches/bls381.rs:243:22
[INFO] [stdout]     |
[INFO] [stdout] 243 |         let sig_g1 = basic::sign_g1(&sk_g1, &msg).unwrap();
[INFO] [stdout]     |                      ^^^^^ use of undeclared type or module `basic`
[INFO] [stdout] 
[INFO] [stdout] 
[INFO] [stdout] error[E0432]: unresolved import `amcl::goldilocks`
[INFO] [stdout]   --> benches/goldilocks.rs:20:11
[INFO] [stdout]    |
[INFO] [stdout] 20 | use amcl::goldilocks::*;
[INFO] [stdout]    |           ^^^^^^^^^^ could not find `goldilocks` in `amcl`
[INFO] [stdout] 
[INFO] [stdout] 
[INFO] [stdout] error[E0433]: failed to resolve: use of undeclared type or module `basic`
[INFO] [stdout]    --> benches/bls381.rs:244:22
[INFO] [stdout]     |
[INFO] [stdout] 244 |         let sig_g2 = basic::sign_g2(&sk_g2, &msg).unwrap();
[INFO] [stdout]     |                      ^^^^^ use of undeclared type or module `basic`
[INFO] [stdout] 
[INFO] [stdout] 
[INFO] [stdout] error[E0433]: failed to resolve: use of undeclared type or module `basic`
[INFO] [stdout]    --> benches/bls381.rs:254:22
[INFO] [stdout]     |
[INFO] [stdout] 254 |     let agg_sig_g1 = basic::aggregate_g1(&sigs_g1_refs).unwrap();
[INFO] [stdout]     |                      ^^^^^ use of undeclared type or module `basic`
[INFO] [stdout] 
[INFO] [stdout] 
[INFO] [stdout] error[E0433]: failed to resolve: use of undeclared type or module `basic`
[INFO] [stdout]    --> benches/bls381.rs:255:22
[INFO] [stdout]     |
[INFO] [stdout] 255 |     let agg_sig_g2 = basic::aggregate_g2(&sigs_g2_refs).unwrap();
[INFO] [stdout]     |                      ^^^^^ use of undeclared type or module `basic`
[INFO] [stdout] 
[INFO] [stdout] 
[INFO] [stdout] error[E0433]: failed to resolve: use of undeclared type or module `basic`
[INFO] [stdout]    --> benches/bls381.rs:264:25
[INFO] [stdout]     |
[INFO] [stdout] 264 |                 assert!(basic::aggregate_verify_g1(
[INFO] [stdout]     |                         ^^^^^ use of undeclared type or module `basic`
[INFO] [stdout] 
[INFO] [stdout] 
[INFO] [stdout] error[E0433]: failed to resolve: use of undeclared type or module `rom`
[INFO] [stdout]   --> benches/nist256.rs:41:33
[INFO] [stdout]    |
[INFO] [stdout] 41 |     let r = big::Big::new_ints(&rom::CURVE_ORDER);
[INFO] [stdout]    |                                 ^^^ use of undeclared type or module `rom`
[INFO] [stdout] 
[INFO] [stdout] 
[INFO] [stdout] error: aborting due to previous error
[INFO] [stdout] 
[INFO] [stdout] 
[INFO] [stdout] For more information about this error, try `rustc --explain E0432`.
[INFO] [stdout] 
[INFO] [stdout] error[E0433]: failed to resolve: use of undeclared type or module `basic`
[INFO] [stdout]    --> benches/bls381.rs:281:25
[INFO] [stdout]     |
[INFO] [stdout] 281 |                 assert!(basic::aggregate_verify_g2(
[INFO] [stdout]     |                         ^^^^^ use of undeclared type or module `basic`
[INFO] [stdout] 
[INFO] [stdout] 
[INFO] [stdout] error[E0433]: failed to resolve: use of undeclared type or module `basic`
[INFO] [stdout]    --> benches/bls381.rs:298:27
[INFO] [stdout]     |
[INFO] [stdout] 298 |                 black_box(basic::key_pair_generate_g1(&mut rng));
[INFO] [stdout]     |                           ^^^^^ use of undeclared type or module `basic`
[INFO] [stdout] 
[INFO] [stdout] 
[INFO] [stdout] error[E0433]: failed to resolve: use of undeclared type or module `ecp`
[INFO] [stdout]   --> benches/nist256.rs:39:26
[INFO] [stdout]    |
[INFO] [stdout] 39 |     let generator = ecp::ECP::generator();
[INFO] [stdout]    |                          ^^^ not found in `ecp`
[INFO] [stdout]    |
[INFO] [stdout] help: consider importing this struct
[INFO] [stdout]    |
[INFO] [stdout] 20 | use amcl::bn254::ecp::ECP;
[INFO] [stdout]    |
[INFO] [stdout] 
[INFO] [stdout] 
[INFO] [stdout] error[E0433]: failed to resolve: use of undeclared type or module `big`
[INFO] [stdout]   --> benches/nist256.rs:41:18
[INFO] [stdout]    |
[INFO] [stdout] 41 |     let r = big::Big::new_ints(&rom::CURVE_ORDER);
[INFO] [stdout]    |                  ^^^ not found in `big`
[INFO] [stdout]    |
[INFO] [stdout] help: consider importing this struct
[INFO] [stdout]    |
[INFO] [stdout] 20 | use amcl::bn254::big::Big;
[INFO] [stdout]    |
[INFO] [stdout] 
[INFO] [stdout] 
[INFO] [stdout] error[E0433]: failed to resolve: use of undeclared type or module `big`
[INFO] [stdout]   --> benches/nist256.rs:42:18
[INFO] [stdout]    |
[INFO] [stdout] 42 |     let s = big::Big::randomnum(&r, &mut rng);
[INFO] [stdout]    |                  ^^^ not found in `big`
[INFO] [stdout]    |
[INFO] [stdout] help: consider importing this struct
[INFO] [stdout]    |
[INFO] [stdout] 20 | use amcl::bn254::big::Big;
[INFO] [stdout]    |
[INFO] [stdout] 
[INFO] [stdout] 
[INFO] [stdout] error[E0433]: failed to resolve: use of undeclared type or module `basic`
[INFO] [stdout]    --> benches/bls381.rs:308:27
[INFO] [stdout]     |
[INFO] [stdout] 308 |                 black_box(basic::key_pair_generate_g2(&mut rng));
[INFO] [stdout]     |                           ^^^^^ use of undeclared type or module `basic`
[INFO] [stdout] 
[INFO] [stdout] 
[INFO] [stdout] error[E0433]: failed to resolve: use of undeclared type or module `rom`
[INFO] [stdout]    --> benches/bls381.rs:319:33
[INFO] [stdout]     |
[INFO] [stdout] 319 |     let r = big::Big::new_ints(&rom::CURVE_ORDER);
[INFO] [stdout]     |                                 ^^^ use of undeclared type or module `rom`
[INFO] [stdout] 
[INFO] [stdout] 
[INFO] [stdout] error[E0433]: failed to resolve: use of undeclared type or module `ecp`
[INFO] [stdout]   --> benches/nist256.rs:57:30
[INFO] [stdout]    |
[INFO] [stdout] 57 |     let mut generator = ecp::ECP::generator();
[INFO] [stdout]    |                              ^^^ not found in `ecp`
[INFO] [stdout]    |
[INFO] [stdout] help: consider importing this struct
[INFO] [stdout]    |
[INFO] [stdout] 20 | use amcl::bn254::ecp::ECP;
[INFO] [stdout]    |
[INFO] [stdout] 
[INFO] [stdout] 
[INFO] [stdout] error[E0433]: failed to resolve: use of undeclared type or module `ecp`
[INFO] [stdout]   --> benches/nist256.rs:68:30
[INFO] [stdout]    |
[INFO] [stdout] 68 |     let mut generator = ecp::ECP::generator();
[INFO] [stdout]    |                              ^^^ not found in `ecp`
[INFO] [stdout]    |
[INFO] [stdout] help: consider importing this struct
[INFO] [stdout]    |
[INFO] [stdout] 20 | use amcl::bn254::ecp::ECP;
[INFO] [stdout]    |
[INFO] [stdout] 
[INFO] [stdout] 
[INFO] [stdout] error[E0433]: failed to resolve: use of undeclared type or module `ecp`
[INFO] [stdout]   --> benches/nist256.rs:69:31
[INFO] [stdout]    |
[INFO] [stdout] 69 |     let generator_copy = ecp::ECP::generator();
[INFO] [stdout]    |                               ^^^ not found in `ecp`
[INFO] [stdout]    |
[INFO] [stdout] help: consider importing this struct
[INFO] [stdout]    |
[INFO] [stdout] 20 | use amcl::bn254::ecp::ECP;
[INFO] [stdout]    |
[INFO] [stdout] 
[INFO] [stdout] 
[INFO] [stdout] error[E0425]: cannot find function `deserialize_g1` in this scope
[INFO] [stdout]   --> benches/bls381.rs:41:17
[INFO] [stdout]    |
[INFO] [stdout] 41 |     let point = deserialize_g1(&uncompressed_g1).unwrap();
[INFO] [stdout]    |                 ^^^^^^^^^^^^^^ not found in this scope
[INFO] [stdout] 
[INFO] [stdout] 
[INFO] [stdout] error[E0433]: failed to resolve: use of undeclared type or module `rom`
[INFO] [stdout]   --> benches/goldilocks.rs:41:33
[INFO] [stdout]    |
[INFO] [stdout] 41 |     let r = big::Big::new_ints(&rom::CURVE_ORDER);
[INFO] [stdout]    |                                 ^^^ use of undeclared type or module `rom`
[INFO] [stdout] 
[INFO] [stdout] 
[INFO] [stdout] error[E0425]: cannot find function `serialize_g1` in this scope
[INFO] [stdout]   --> benches/bls381.rs:43:25
[INFO] [stdout]    |
[INFO] [stdout] 43 |     let compressed_g1 = serialize_g1(&point);
[INFO] [stdout]    |                         ^^^^^^^^^^^^ not found in this scope
[INFO] [stdout] 
[INFO] [stdout] 
[INFO] [stdout] error[E0425]: cannot find function `deserialize_g1` in this scope
[INFO] [stdout]   --> benches/bls381.rs:49:27
[INFO] [stdout]    |
[INFO] [stdout] 49 |                 black_box(deserialize_g1(&compressed_g1).unwrap());
[INFO] [stdout]    |                           ^^^^^^^^^^^^^^ not found in this scope
[INFO] [stdout] 
[INFO] [stdout] 
[INFO] [stdout] error[E0425]: cannot find function `serialize_g1` in this scope
[INFO] [stdout]   --> benches/bls381.rs:59:27
[INFO] [stdout]    |
[INFO] [stdout] 59 |                 black_box(serialize_g1(&point.clone()));
[INFO] [stdout]    |                           ^^^^^^^^^^^^ not found in this scope
[INFO] [stdout] 
[INFO] [stdout] 
[INFO] [stdout] error[E0425]: cannot find function `deserialize_g1` in this scope
[INFO] [stdout]   --> benches/bls381.rs:69:27
[INFO] [stdout]    |
[INFO] [stdout] 69 |                 black_box(deserialize_g1(&uncompressed_g1).unwrap());
[INFO] [stdout]    |                           ^^^^^^^^^^^^^^ not found in this scope
[INFO] [stdout] 
[INFO] [stdout] 
[INFO] [stdout] error[E0425]: cannot find function `serialize_uncompressed_g1` in this scope
[INFO] [stdout]   --> benches/bls381.rs:79:27
[INFO] [stdout]    |
[INFO] [stdout] 79 |                 black_box(serialize_uncompressed_g1(&point_2));
[INFO] [stdout]    |                           ^^^^^^^^^^^^^^^^^^^^^^^^^ not found in this scope
[INFO] [stdout] 
[INFO] [stdout] 
[INFO] [stdout] error[E0425]: cannot find function `deserialize_g2` in this scope
[INFO] [stdout]   --> benches/bls381.rs:88:17
[INFO] [stdout]    |
[INFO] [stdout] 88 |     let point = deserialize_g2(&uncompressed_g2).unwrap();
[INFO] [stdout]    |                 ^^^^^^^^^^^^^^ not found in this scope
[INFO] [stdout] 
[INFO] [stdout] 
[INFO] [stdout] error[E0425]: cannot find function `serialize_g2` in this scope
[INFO] [stdout]   --> benches/bls381.rs:90:25
[INFO] [stdout]    |
[INFO] [stdout] 90 |     let compressed_g2 = serialize_g2(&point);
[INFO] [stdout]    |                         ^^^^^^^^^^^^ not found in this scope
[INFO] [stdout] 
[INFO] [stdout] 
[INFO] [stdout] error[E0425]: cannot find function `deserialize_g2` in this scope
[INFO] [stdout]   --> benches/bls381.rs:96:27
[INFO] [stdout]    |
[INFO] [stdout] 96 |                 black_box(deserialize_g2(&compressed_g2).unwrap());
[INFO] [stdout]    |                           ^^^^^^^^^^^^^^ not found in this scope
[INFO] [stdout] 
[INFO] [stdout] 
[INFO] [stdout] error[E0425]: cannot find function `serialize_g2` in this scope
[INFO] [stdout]    --> benches/bls381.rs:106:27
[INFO] [stdout]     |
[INFO] [stdout] 106 |                 black_box(serialize_g2(&point.clone()));
[INFO] [stdout]     |                           ^^^^^^^^^^^^ not found in this scope
[INFO] [stdout] 
[INFO] [stdout] 
[INFO] [stdout] error[E0425]: cannot find function `deserialize_g2` in this scope
[INFO] [stdout]    --> benches/bls381.rs:116:27
[INFO] [stdout]     |
[INFO] [stdout] 116 |                 black_box(deserialize_g2(&uncompressed_g2).unwrap());
[INFO] [stdout]     |                           ^^^^^^^^^^^^^^ not found in this scope
[INFO] [stdout] 
[INFO] [stdout] 
[INFO] [stdout] error[E0425]: cannot find function `serialize_uncompressed_g2` in this scope
[INFO] [stdout]    --> benches/bls381.rs:126:27
[INFO] [stdout]     |
[INFO] [stdout] 126 |                 black_box(serialize_uncompressed_g2(&point_2));
[INFO] [stdout]     |                           ^^^^^^^^^^^^^^^^^^^^^^^^^ not found in this scope
[INFO] [stdout] 
[INFO] [stdout] 
[INFO] [stdout] error[E0433]: failed to resolve: use of undeclared type or module `ecp`
[INFO] [stdout]    --> benches/bls381.rs:316:29
[INFO] [stdout]     |
[INFO] [stdout] 316 |     let generator_g1 = ecp::ECP::generator();
[INFO] [stdout]     |                             ^^^ not found in `ecp`
[INFO] [stdout]     |
[INFO] [stdout] help: consider importing this struct
[INFO] [stdout]     |
[INFO] [stdout] 20  | use amcl::bn254::ecp::ECP;
[INFO] [stdout]     |
[INFO] [stdout] 
[INFO] [stdout] 
[INFO] [stdout] error[E0433]: failed to resolve: use of undeclared type or module `ecp2`
[INFO] [stdout]    --> benches/bls381.rs:317:30
[INFO] [stdout]     |
[INFO] [stdout] 317 |     let generator_g2 = ecp2::ECP2::generator();
[INFO] [stdout]     |                              ^^^^ not found in `ecp2`
[INFO] [stdout]     |
[INFO] [stdout] help: consider importing this struct
[INFO] [stdout]     |
[INFO] [stdout] 20  | use amcl::bn254::ecp2::ECP2;
[INFO] [stdout]     |
[INFO] [stdout] 
[INFO] [stdout] 
[INFO] [stdout] error[E0433]: failed to resolve: use of undeclared type or module `big`
[INFO] [stdout]    --> benches/bls381.rs:319:18
[INFO] [stdout]     |
[INFO] [stdout] 319 |     let r = big::Big::new_ints(&rom::CURVE_ORDER);
[INFO] [stdout]     |                  ^^^ not found in `big`
[INFO] [stdout]     |
[INFO] [stdout] help: consider importing this struct
[INFO] [stdout]     |
[INFO] [stdout] 20  | use amcl::bn254::big::Big;
[INFO] [stdout]     |
[INFO] [stdout] 
[INFO] [stdout] 
[INFO] [stdout] error[E0433]: failed to resolve: use of undeclared type or module `big`
[INFO] [stdout]    --> benches/bls381.rs:320:18
[INFO] [stdout]     |
[INFO] [stdout] 320 |     let s = big::Big::randomnum(&r, &mut rng);
[INFO] [stdout]     |                  ^^^ not found in `big`
[INFO] [stdout]     |
[INFO] [stdout] help: consider importing this struct
[INFO] [stdout]     |
[INFO] [stdout] 20  | use amcl::bn254::big::Big;
[INFO] [stdout]     |
[INFO] [stdout] 
[INFO] [stdout] 
[INFO] [stdout] error[E0433]: failed to resolve: use of undeclared type or module `ecp`
[INFO] [stdout]    --> benches/bls381.rs:348:33
[INFO] [stdout]     |
[INFO] [stdout] 348 |     let mut generator_g1 = ecp::ECP::generator();
[INFO] [stdout]     |                                 ^^^ not found in `ecp`
[INFO] [stdout]     |
[INFO] [stdout] help: consider importing this struct
[INFO] [stdout]     |
[INFO] [stdout] 20  | use amcl::bn254::ecp::ECP;
[INFO] [stdout]     |
[INFO] [stdout] 
[INFO] [stdout] 
[INFO] [stdout] error[E0433]: failed to resolve: use of undeclared type or module `ecp2`
[INFO] [stdout]    --> benches/bls381.rs:359:34
[INFO] [stdout]     |
[INFO] [stdout] 359 |     let mut generator_g2 = ecp2::ECP2::generator();
[INFO] [stdout]     |                                  ^^^^ not found in `ecp2`
[INFO] [stdout]     |
[INFO] [stdout] help: consider importing this struct
[INFO] [stdout]     |
[INFO] [stdout] 20  | use amcl::bn254::ecp2::ECP2;
[INFO] [stdout]     |
[INFO] [stdout] 
[INFO] [stdout] 
[INFO] [stdout] error[E0433]: failed to resolve: use of undeclared type or module `ecp`
[INFO] [stdout]   --> benches/goldilocks.rs:39:26
[INFO] [stdout]    |
[INFO] [stdout] 39 |     let generator = ecp::ECP::generator();
[INFO] [stdout]    |                          ^^^ not found in `ecp`
[INFO] [stdout]    |
[INFO] [stdout] help: consider importing this struct
[INFO] [stdout]    |
[INFO] [stdout] 20 | use amcl::bn254::ecp::ECP;
[INFO] [stdout]    |
[INFO] [stdout] 
[INFO] [stdout] 
[INFO] [stdout] error[E0433]: failed to resolve: use of undeclared type or module `big`
[INFO] [stdout]   --> benches/goldilocks.rs:41:18
[INFO] [stdout]    |
[INFO] [stdout] 41 |     let r = big::Big::new_ints(&rom::CURVE_ORDER);
[INFO] [stdout]    |                  ^^^ not found in `big`
[INFO] [stdout]    |
[INFO] [stdout] help: consider importing this struct
[INFO] [stdout]    |
[INFO] [stdout] 20 | use amcl::bn254::big::Big;
[INFO] [stdout]    |
[INFO] [stdout] 
[INFO] [stdout] 
[INFO] [stdout] error: aborting due to 8 previous errors
[INFO] [stdout] 
[INFO] [stdout] 
[INFO] [stdout] Some errors have detailed explanations: E0432, E0433.
[INFO] [stdout] 
[INFO] [stdout] For more information about an error, try `rustc --explain E0432`.
[INFO] [stdout] 
[INFO] [stdout] error[E0433]: failed to resolve: use of undeclared type or module `big`
[INFO] [stdout]   --> benches/goldilocks.rs:42:18
[INFO] [stdout]    |
[INFO] [stdout] 42 |     let s = big::Big::randomnum(&r, &mut rng);
[INFO] [stdout]    |                  ^^^ not found in `big`
[INFO] [stdout]    |
[INFO] [stdout] help: consider importing this struct
[INFO] [stdout]    |
[INFO] [stdout] 20 | use amcl::bn254::big::Big;
[INFO] [stdout]    |
[INFO] [stdout] 
[INFO] [stdout] 
[INFO] [stdout] error[E0433]: failed to resolve: use of undeclared type or module `ecp`
[INFO] [stdout]   --> benches/goldilocks.rs:57:30
[INFO] [stdout]    |
[INFO] [stdout] 57 |     let mut generator = ecp::ECP::generator();
[INFO] [stdout]    |                              ^^^ not found in `ecp`
[INFO] [stdout]    |
[INFO] [stdout] help: consider importing this struct
[INFO] [stdout]    |
[INFO] [stdout] 20 | use amcl::bn254::ecp::ECP;
[INFO] [stdout]    |
[INFO] [stdout] 
[INFO] [stdout] 
[INFO] [stdout] error[E0433]: failed to resolve: use of undeclared type or module `ecp`
[INFO] [stdout]   --> benches/goldilocks.rs:68:30
[INFO] [stdout]    |
[INFO] [stdout] 68 |     let mut generator = ecp::ECP::generator();
[INFO] [stdout]    |                              ^^^ not found in `ecp`
[INFO] [stdout]    |
[INFO] [stdout] help: consider importing this struct
[INFO] [stdout]    |
[INFO] [stdout] 20 | use amcl::bn254::ecp::ECP;
[INFO] [stdout]    |
[INFO] [stdout] 
[INFO] [stdout] 
[INFO] [stdout] error[E0433]: failed to resolve: use of undeclared type or module `ecp`
[INFO] [stdout]   --> benches/goldilocks.rs:69:31
[INFO] [stdout]    |
[INFO] [stdout] 69 |     let generator_copy = ecp::ECP::generator();
[INFO] [stdout]    |                               ^^^ not found in `ecp`
[INFO] [stdout]    |
[INFO] [stdout] help: consider importing this struct
[INFO] [stdout]    |
[INFO] [stdout] 20 | use amcl::bn254::ecp::ECP;
[INFO] [stdout]    |
[INFO] [stdout] 
[INFO] [stdout] 
[INFO] [stdout] error: aborting due to 8 previous errors
[INFO] [stdout] 
[INFO] [stdout] 
[INFO] [stdout] Some errors have detailed explanations: E0432, E0433.
[INFO] [stdout] 
[INFO] [stdout] For more information about an error, try `rustc --explain E0432`.
[INFO] [stdout] 
[INFO] [stdout] error: aborting due to 8 previous errors
[INFO] [stdout] 
[INFO] [stdout] 
[INFO] [stdout] Some errors have detailed explanations: E0432, E0433.
[INFO] [stdout] 
[INFO] [stdout] For more information about an error, try `rustc --explain E0432`.
[INFO] [stdout] 
[INFO] [stdout] error: aborting due to 18 previous errors
[INFO] [stdout] 
[INFO] [stdout] 
[INFO] [stdout] For more information about this error, try `rustc --explain E0432`.
[INFO] [stdout] 
[INFO] [stdout] error: aborting due to 44 previous errors
[INFO] [stdout] 
[INFO] [stdout] 
[INFO] [stdout] Some errors have detailed explanations: E0425, E0432, E0433.
[INFO] [stdout] 
[INFO] [stdout] For more information about an error, try `rustc --explain E0425`.
[INFO] [stdout] 
[INFO] [stderr] error: build failed
[INFO] running `Command { std: "docker" "inspect" "f26c3fbd82e74d1b0727a85192f4619b52d61af737b178255ab381de2e6011d5", kill_on_drop: false }`
[INFO] running `Command { std: "docker" "rm" "-f" "f26c3fbd82e74d1b0727a85192f4619b52d61af737b178255ab381de2e6011d5", kill_on_drop: false }`
[INFO] [stdout] f26c3fbd82e74d1b0727a85192f4619b52d61af737b178255ab381de2e6011d5
